n - 14. Let t be k(h). Calculate the greatest common factor of 40 and t.
10
Suppose 0 = -5*p + p - 3*z - 9, 3 = -z. Let h be (-3 + 22)/(1 - p). Calculate the greatest common factor of 95 and h.
19
Let t(l) = -l**3 + 24*l**2 + 20*l - 30. Let f be t(24). Calculate the highest common divisor of f and 18.
18
Let o be ((-9)/(-15))/(6/90). Let x(i) = 6 + 4 - 2*i - 4. Let b be x(-6). Calculate the highest common factor of o and b.
9
Let p(y) = -9*y - 1. Let t be p(-4). Suppose 2*d - 284 = 4*g, 125 + 158 = 2*d - 3*g. Calculate the highest common divisor of d and t.
35
Let a = 24 + -13. Suppose 2*h = 61 + 181. What is the greatest common divisor of a and h?
11
Suppose -72*a = -66*a - 36. What is the greatest common factor of 18 and a?
6
Let a be (-8)/(-28) + 2056/56. Calculate the greatest common factor of a and 370.
37
Let m(j) = j**2 + 8*j - 356. Let u be m(-29). What is the greatest common divisor of u and 46?
23
Suppose -8*w = 136 - 504. Calculate the highest common factor of w and 414.
46
Suppose -43*p = 24*p - 228939. Calculate the highest common divisor of p and 51.
51
Suppose 4*d - 466 = 262. Suppose 2*o + 3*o - 124 = 3*y, -2*o + 2*y = -48. What is the greatest common divisor of d and o?
26
Let a(f) = -f**3 - 4*f**2 + 53*f - 13. Let m be a(-10). Calculate the greatest common factor of 3 and m.
3
Suppose -34*m + 12840 = 2810. What is the greatest common factor of 118 and m?
59
Suppose z + 4 = o + 39, 0 = -o. Suppose 0 = 5*d + 3*r - 31, -2*r + 19 = 3*d - 0*r. What is the highest common divisor of d and z?
5
Let n(h) = h**2 - 16*h + 7. Let u be n(-4). What is the highest common divisor of 29 and u?
29
Let t(q) = -18*q - 119. Let k be t(-7). Let r(d) = 62*d**2 - 2*d - 1. Let y be r(-1). Calculate the highest common factor of y and k.
7
Let v = 49 + -48. Let y(x) = 6*x**3 - 2*x**2 - 2*x - 1. Let f be y(-1). Let p = f + 15. Calculate the highest common divisor of v and p.
1
Let b be 2 - 0 - (-10 + 6). Suppose -q - b = -0. Let c(f) = -f**3 - 5*f**2 + 2*f - 9. Let o be c(q). What is the highest common divisor of 45 and o?
15
Let j(o) = 158*o**2 + 8*o + 4. Let z be j(-1). Calculate the greatest common factor of 70 and z.
14
Let j(v) = -v + 18. Suppose -2*s = s. Let k be j(s). Let q = 30 - k. Calculate the highest common divisor of q and 12.
12
Let w(c) = -c**3 - 6*c**2 + 18*c + 18. Let x be w(-8). Let m = 24 + -14. Calculate the greatest common factor of m and x.
2
Let u = -1153 - -1190. Calculate the greatest common factor of 3 and u.
1
Let l be 60/(-5*(-5)/(-25)*-2). Let a be 0 - 0 - (6 + -21). Calculate the greatest common factor of a and l.
15
Let g = 4 - 0. Suppose m = -r + 182, -g*r - 2*m + 737 = 13. Suppose -24 = -6*v + r. What is the greatest common divisor of v and 17?
17
Let q be (-616)/(-2) + 1 + -3. Suppose 2*o - 207 = -0*i - i, -q = -3*o - 3*i. Let n = o + -17. What is the greatest common divisor of 11 and n?
11
Let x = 36 - -45. Let r = x - 45. Let v = -12 - -24. Calculate the greatest common factor of r and v.
12
Let y = 7 - 7. Let d(k) = -2*k + 48. Let l be d(y). Calculate the greatest common factor of l and 32.
16
Suppose 0 = -16*s + 13*s + 6. Suppose -4*h + 112 = 2*o, 0 = -s*h + 4*o - 0*o + 36. Let n = 30 - h. What is the greatest common divisor of 4 and n?
4
Let d = 1472 - 1449. Let s be (-2)/(-2 + 4) - -116. What is the greatest common divisor of d and s?
23
Let t = 299 - -126. What is the highest common factor of 34 and t?
17
Suppose -2*r = m - 17, 4*m - 2*r = 42 + 36. Suppose z - 21 = m. Calculate the greatest common divisor of 10 and z.
10
Suppose -4*d - 19 = 121. Let b = -10 - d. Let h = -2 + b. Calculate the highest common factor of h and 115.
23
Let g = 164 - -181. Calculate the greatest common divisor of 15 and g.
15
Let z(o) = 158*o**3 - 2*o**2 + 7*o - 10. Let n be z(2). Calculate the highest common divisor of n and 24.
12
Let i = -88 - -102. Suppose 4*q - 3*j + 0*j = 62, 2*j = -2*q + 24. Calculate the greatest common factor of i and q.
14
Let g = 130 - 54. Suppose -y + 1 = -g. Let m(l) = -l + 2. Let t be m(-5). What is the greatest common factor of t and y?
7
Suppose 4*g = 7*q - 8*q + 371, -q - 99 = -g. What is the greatest common divisor of g and 8?
2
Let b be (-104)/(-6) - 24/18. Let l be ((-4)/(-7))/(-2 - b/(-7)). What is the greatest common factor of l and 8?
2
Let v(p) = p**3 + 8*p**2 - 8*p + 11. Let g be v(-11). Let q be ((-3)/(-6))/((-2)/g). Suppose 0*h - 3*h = -q. Calculate the greatest common factor of 33 and h.
11
Let z(f) = -f**3 + 4*f**2 + f + 4. Let p be (-6)/(2 + 4) - (-6 + 2). Let j be z(p). What is the greatest common factor of 144 and j?
16
Let k be (75 + 2)/((32/(-2))/(-16)). Calculate the greatest common factor of 33 and k.
11
Suppose -23*g - 3289 = -2*a - 24*g, a = 2*g + 1642. Calculate the highest common factor of 12 and a.
12
Let s = 99 - 78. Calculate the greatest common divisor of 189 and s.
21
Suppose -3*l - 7 = -4*n, -4*n = -2*n + l - 1. Let q be (5/(-2) + n)*-2. Calculate the highest common factor of q and 3.
3
Suppose 36*a = 3174 + 5142. Calculate the highest common factor of a and 66.
33
Let b(u) = 4*u - 10. Let l = 0 - -6. Let s be b(l). Let t(f) = 11*f**2 - 1. Let a be t(3). What is the highest common divisor of a and s?
14
Suppose 3*h = -4*o - 0*h + 111, -2*o + 53 = h. What is the greatest common factor of o and 40?
8
Suppose 0*a = 2*a - 34. Let c(s) = -3*s - 12. Let o be c(-5). Suppose -2*r = o*r - 595. What is the highest common factor of r and a?
17
Let b be (-6039)/39 - (-4)/(-130)*5. Let f = b + 172. Calculate the highest common factor of 85 and f.
17
Suppose 0 = -3*w - 0*w - 9, -5*a = -w - 13. Suppose -5*u + 41 = 4*v - 4*u, 4*v + a*u = 42. What is the highest common divisor of v and 170?
10
Let l = 26 - 23. Suppose 5*i - 109 = -l*m, -9*m + 4*m = -i - 163. What is the greatest common factor of 88 and m?
11
Suppose 30 = -0*b + 5*b. Suppose 5*o + b*j - 246 = 2*j, -4*o - 3*j + 197 = 0. Let q = -116 - -126. What is the greatest common factor of q and o?
10
Suppose -4*b + 16 = 5*o, -3*o + o + 2*b - 8 = 0. Let c be (o + 18 + 2)*1/1. What is the greatest common divisor of 180 and c?
20
Suppose -15*s - 1350 = -24*s. Calculate the highest common factor of 6 and s.
6
Let o = 3 + 3. Suppose -p - 4 + 0 = 0. Let d be (-26)/p + (-3)/o. What is the greatest common divisor of d and 12?
6
Let d be 2/3*(-189)/(-42). What is the highest common factor of 153 and d?
3
Suppose 0 = -4*b + 2*q + 134, -b + 4*q = -6*b + 187. Suppose -19*i + 16*i + 48 = 0. Let m = 21 - i. What is the greatest common factor of b and m?
5
Let y(p) = 20*p - 24. Let q be y(9). Let a be (-3)/(-1) - (-7)/(14/q). Calculate the greatest common divisor of 27 and a.
27
Let c(k) = -k**2 + 10*k + 15. Let w be c(10). Suppose 10*i = w*i - 45. Calculate the highest common divisor of i and 1.
1
Let b = -24 - -29. Suppose -3*s = -2*w - 7*s + 82, b*s = -4*w + 170. Suppose 0 = -2*x + 149 - w. Calculate the greatest common factor of x and 13.
13
Let u be -51*(7 + -4 - 20/6). Let l be (-3)/(-2)*(-232)/(-6). Suppose -5*c + l + u = 0. Calculate the highest common divisor of 10 and c.
5
Suppose 7*v = 3075 + 12710. What is the highest common factor of 41 and v?
41
Let t(j) = 24*j - 1248. Let s be t(54). Let v(g) = -g**2 - g + 96. Let l be v(0). What is the highest common factor of l and s?
48
Let a(r) = 11*r. Let c be a(9). Suppose 5*o + 15*s - 11*s - 21 = 0, 0 = o - 4*s - 33. What is the greatest common divisor of o and c?
9
Let s be 5/(-3) - -2 - 640/(-6). Suppose v + 7 = s. What is the highest common divisor of 20 and v?
20
Let a = 0 + 0. Suppose -i + 5 - 2 = a. Suppose i*c + 52 = 202. What is the highest common divisor of c and 25?
25
Let n be 6/(-4)*(-4)/2. Suppose 2*m - 5*g = 3*m - 40, 4*g + 25 = n*m. Calculate the highest common divisor of m and 3.
3
Suppose -4*v - 186 = -266. Calculate the highest common divisor of v and 40.
20
Suppose -4 = 5*q - 9. Suppose -10 = 3*m + 5*o + q, m - o = 7. Suppose -2 = -j + m. What is the greatest common divisor of 50 and j?
5
Suppose -2*d - 3*d = -6*d. Suppose 9*o + d*o = 243. Calculate the highest common factor of 3 and o.
3
Let g = 255 + -128. Let t be (-2 - 1) + (g - 5). Calculate the greatest common divisor of 17 and t.
17
Suppose -3*i = 193 - 817. Suppose -2*c + 4*h + i = -468, -5*c = 2*h - 1678. What is 